{"id":14586,"date":"2016-11-07T11:08:26","date_gmt":"2016-11-07T11:08:26","guid":{"rendered":"http:\/\/guiarestaurantes.name\/index.php\/los-mejores-restaurantes-en-barcelona-3\/"},"modified":"2017-11-15T11:28:07","modified_gmt":"2017-11-15T11:28:07","slug":"los-mejores-restaurantes-en-barcelona-3","status":"publish","type":"page","link":"https:\/\/guiarestaurantes.name\/index.php\/los-mejores-restaurantes-en-barcelona-3\/","title":{"rendered":"Los Mejores Restaurantes en Barcelona"},"content":{"rendered":"<p>Descubre los mejores restaurantes de comida china en Barcelona en\u00a0http:\/\/guiarestaurantes.name\/<\/p>\n","protected":false},"excerpt":{"rendered":"<p>Descubre los mejores restaurantes de comida china en Barcelona en\u00a0http:\/\/guiarestaurantes.name\/<\/p>\n","protected":false},"author":1,"featured_media":0,"parent":0,"menu_order":0,"comment_status":"closed","ping_status":"closed","template":"","meta":{"kt_blocks_editor_width":"","footnotes":""},"class_list":["post-14586","page","type-page","status-publish","hentry"],"yoast_head":"<!-- This site is optimized with the Yoast SEO plugin v25.9 - https:\/\/yoast.com\/wordpress\/plugins\/seo\/ -->\n<title>Los Mejores Restaurantes en Barcelona - Guia Restaurantes<\/title>\n<meta name=\"description\" content=\"La gu\u00eda de restaurantes m\u00e1s completa de Espa\u00f1a. Cocina tradicional, de autor, experimental, de todo tipo de ambiente y precios. !Encu\u00e9ntralo\u00a1\" \/>\n<meta name=\"robots\" content=\"index, follow, max-snippet:-1, max-image-preview:large, max-video-preview:-1\" \/>\n<link rel=\"canonical\" href=\"https:\/\/guiarestaurantes.name\/index.php\/los-mejores-restaurantes-en-barcelona-3\/\" \/>\n<meta property=\"og:locale\" content=\"es_ES\" \/>\n<meta property=\"og:type\" content=\"article\" \/>\n<meta property=\"og:title\" content=\"Los Mejores Restaurantes en Barcelona - Guia Restaurantes\" \/>\n<meta property=\"og:description\" content=\"La gu\u00eda de restaurantes m\u00e1s completa de Espa\u00f1a. Cocina tradicional, de autor, experimental, de todo tipo de ambiente y precios. !Encu\u00e9ntralo\u00a1\" \/>\n<meta property=\"og:url\" content=\"https:\/\/guiarestaurantes.name\/index.php\/los-mejores-restaurantes-en-barcelona-3\/\" \/>\n<meta property=\"og:site_name\" content=\"Guia Restaurantes\" \/>\n<meta property=\"article:modified_time\" content=\"2017-11-15T11:28:07+00:00\" \/>\n<script type=\"application\/ld+json\" class=\"yoast-schema-graph\">{\"@context\":\"https:\/\/schema.org\",\"@graph\":[{\"@type\":\"WebPage\",\"@id\":\"https:\/\/guiarestaurantes.name\/index.php\/los-mejores-restaurantes-en-barcelona-3\/\",\"url\":\"https:\/\/guiarestaurantes.name\/index.php\/los-mejores-restaurantes-en-barcelona-3\/\",\"name\":\"Los Mejores Restaurantes en Barcelona - Guia Restaurantes\",\"isPartOf\":{\"@id\":\"https:\/\/guiarestaurantes.name\/#website\"},\"datePublished\":\"2016-11-07T11:08:26+00:00\",\"dateModified\":\"2017-11-15T11:28:07+00:00\",\"description\":\"La gu\u00eda de restaurantes m\u00e1s completa de Espa\u00f1a. Cocina tradicional, de autor, experimental, de todo tipo de ambiente y precios. !Encu\u00e9ntralo\u00a1\",\"breadcrumb\":{\"@id\":\"https:\/\/guiarestaurantes.name\/index.php\/los-mejores-restaurantes-en-barcelona-3\/#breadcrumb\"},\"inLanguage\":\"es\",\"potentialAction\":[{\"@type\":\"ReadAction\",\"target\":[\"https:\/\/guiarestaurantes.name\/index.php\/los-mejores-restaurantes-en-barcelona-3\/\"]}]},{\"@type\":\"BreadcrumbList\",\"@id\":\"https:\/\/guiarestaurantes.name\/index.php\/los-mejores-restaurantes-en-barcelona-3\/#breadcrumb\",\"itemListElement\":[{\"@type\":\"ListItem\",\"position\":1,\"name\":\"Portada\",\"item\":\"https:\/\/guiarestaurantes.name\/\"},{\"@type\":\"ListItem\",\"position\":2,\"name\":\"Los Mejores Restaurantes en Barcelona\"}]},{\"@type\":\"WebSite\",\"@id\":\"https:\/\/guiarestaurantes.name\/#website\",\"url\":\"https:\/\/guiarestaurantes.name\/\",\"name\":\"Guia Restaurantes\",\"description\":\"Los mejores sitios para comer\",\"potentialAction\":[{\"@type\":\"SearchAction\",\"target\":{\"@type\":\"EntryPoint\",\"urlTemplate\":\"https:\/\/guiarestaurantes.name\/?s={search_term_string}\"},\"query-input\":{\"@type\":\"PropertyValueSpecification\",\"valueRequired\":true,\"valueName\":\"search_term_string\"}}],\"inLanguage\":\"es\"}]}<\/script>\n<!-- \/ Yoast SEO plugin. -->","yoast_head_json":{"title":"Los Mejores Restaurantes en Barcelona - Guia Restaurantes","description":"La gu\u00eda de restaurantes m\u00e1s completa de Espa\u00f1a. Cocina tradicional, de autor, experimental, de todo tipo de ambiente y precios. !Encu\u00e9ntralo\u00a1","robots":{"index":"index","follow":"follow","max-snippet":"max-snippet:-1","max-image-preview":"max-image-preview:large","max-video-preview":"max-video-preview:-1"},"canonical":"https:\/\/guiarestaurantes.name\/index.php\/los-mejores-restaurantes-en-barcelona-3\/","og_locale":"es_ES","og_type":"article","og_title":"Los Mejores Restaurantes en Barcelona - Guia Restaurantes","og_description":"La gu\u00eda de restaurantes m\u00e1s completa de Espa\u00f1a. Cocina tradicional, de autor, experimental, de todo tipo de ambiente y precios. !Encu\u00e9ntralo\u00a1","og_url":"https:\/\/guiarestaurantes.name\/index.php\/los-mejores-restaurantes-en-barcelona-3\/","og_site_name":"Guia Restaurantes","article_modified_time":"2017-11-15T11:28:07+00:00","schema":{"@context":"https:\/\/schema.org","@graph":[{"@type":"WebPage","@id":"https:\/\/guiarestaurantes.name\/index.php\/los-mejores-restaurantes-en-barcelona-3\/","url":"https:\/\/guiarestaurantes.name\/index.php\/los-mejores-restaurantes-en-barcelona-3\/","name":"Los Mejores Restaurantes en Barcelona - Guia Restaurantes","isPartOf":{"@id":"https:\/\/guiarestaurantes.name\/#website"},"datePublished":"2016-11-07T11:08:26+00:00","dateModified":"2017-11-15T11:28:07+00:00","description":"La gu\u00eda de restaurantes m\u00e1s completa de Espa\u00f1a. Cocina tradicional, de autor, experimental, de todo tipo de ambiente y precios. !Encu\u00e9ntralo\u00a1","breadcrumb":{"@id":"https:\/\/guiarestaurantes.name\/index.php\/los-mejores-restaurantes-en-barcelona-3\/#breadcrumb"},"inLanguage":"es","potentialAction":[{"@type":"ReadAction","target":["https:\/\/guiarestaurantes.name\/index.php\/los-mejores-restaurantes-en-barcelona-3\/"]}]},{"@type":"BreadcrumbList","@id":"https:\/\/guiarestaurantes.name\/index.php\/los-mejores-restaurantes-en-barcelona-3\/#breadcrumb","itemListElement":[{"@type":"ListItem","position":1,"name":"Portada","item":"https:\/\/guiarestaurantes.name\/"},{"@type":"ListItem","position":2,"name":"Los Mejores Restaurantes en Barcelona"}]},{"@type":"WebSite","@id":"https:\/\/guiarestaurantes.name\/#website","url":"https:\/\/guiarestaurantes.name\/","name":"Guia Restaurantes","description":"Los mejores sitios para comer","potentialAction":[{"@type":"SearchAction","target":{"@type":"EntryPoint","urlTemplate":"https:\/\/guiarestaurantes.name\/?s={search_term_string}"},"query-input":{"@type":"PropertyValueSpecification","valueRequired":true,"valueName":"search_term_string"}}],"inLanguage":"es"}]}},"_links":{"self":[{"href":"https:\/\/guiarestaurantes.name\/index.php\/wp-json\/wp\/v2\/pages\/14586","targetHints":{"allow":["GET"]}}],"collection":[{"href":"https:\/\/guiarestaurantes.name\/index.php\/wp-json\/wp\/v2\/pages"}],"about":[{"href":"https:\/\/guiarestaurantes.name\/index.php\/wp-json\/wp\/v2\/types\/page"}],"author":[{"embeddable":true,"href":"https:\/\/guiarestaurantes.name\/index.php\/wp-json\/wp\/v2\/users\/1"}],"replies":[{"embeddable":true,"href":"https:\/\/guiarestaurantes.name\/index.php\/wp-json\/wp\/v2\/comments?post=14586"}],"version-history":[{"count":4,"href":"https:\/\/guiarestaurantes.name\/index.php\/wp-json\/wp\/v2\/pages\/14586\/revisions"}],"predecessor-version":[{"id":86947,"href":"https:\/\/guiarestaurantes.name\/index.php\/wp-json\/wp\/v2\/pages\/14586\/revisions\/86947"}],"wp:attachment":[{"href":"https:\/\/guiarestaurantes.name\/index.php\/wp-json\/wp\/v2\/media?parent=14586"}],"curies":[{"name":"wp","href":"https:\/\/api.w.org\/{rel}","templated":true}]}}